{"id":1069,"date":"2023-04-07T17:09:02","date_gmt":"2023-04-07T15:09:02","guid":{"rendered":"http:\/\/www.musikverein-puchenau.net\/?page_id=1069"},"modified":"2023-04-08T13:09:42","modified_gmt":"2023-04-08T11:09:42","slug":"fruehlingskonzert-2023","status":"publish","type":"page","link":"http:\/\/www.musikverein-puchenau.net\/?page_id=1069","title":{"rendered":"Fr\u00fchlingskonzert 2023"},"content":{"rendered":"\n<p>Schwungvolle Kl\u00e4nge erf\u00fcllten am 1. April 2023 beim Fr\u00fchlingskonzert des Musikvereins im Buchensaal. Unsere Jungmusiker konnten ihre erprobten St\u00fccke gemeinsam pr\u00e4sentieren. Mit den St\u00fccken ,,Power of the Youth\u201c \u2013 dirigiert von Barbara Grubm\u00fcller \u2013 und ,,Shallow\u201c sammelten die Jungmusikerinnen ihre erste Erfahrungen gemeinsam mit der gro\u00dfen Kapelle. Wir waren \u00fcberw\u00e4ltigt von der Zahl der Besucherinnen und Besucher.<\/p>\n\n\n\n<p>Ein gro\u00dfes Dankesch\u00f6n an alle Beteiligten!<\/p>\n\n\n\n<p>Fotos: Martin Sighart<\/p>\n\n\n\n<figure class=\"is-layout-flex wp-block-gallery-1 wp-block-gallery has-nested-images columns-default is-cropped\">\n<figure class=\"wp-block-image size-large\"><a href=\"http:\/\/www.musikverein-puchenau.net\/wp-content\/uploads\/2023\/04\/fruehjahrskonzert-2023-2.jpg\"><img decoding=\"async\" loading=\"lazy\" width=\"1024\" height=\"683\" data-id=\"1067\"  src=\"http:\/\/www.musikverein-puchenau.net\/wp-content\/uploads\/2023\/04\/fruehjahrskonzert-2023-2-1024x683.jpg\" alt=\"\" class=\"wp-image-1067\" srcset=\"http:\/\/www.musikverein-puchenau.net\/wp-content\/uploads\/2023\/04\/fruehjahrskonzert-2023-2-1024x683.jpg 1024w, http:\/\/www.musikverein-puchenau.net\/wp-content\/uploads\/2023\/04\/fruehjahrskonzert-2023-2-300x200.jpg 300w, http:\/\/www.musikverein-puchenau.net\/wp-content\/uploads\/2023\/04\/fruehjahrskonzert-2023-2-768x512.jpg 768w, http:\/\/www.musikverein-puchenau.net\/wp-content\/uploads\/2023\/04\/fruehjahrskonzert-2023-2-1536x1024.jpg 1536w, http:\/\/www.musikverein-puchenau.net\/wp-content\/uploads\/2023\/04\/fruehjahrskonzert-2023-2.jpg 1920w\" sizes=\"(max-width: 1024px) 100vw, 1024px\" \/><\/a><\/figure>\n\n\n\n<figure class=\"wp-block-image size-large\"><a href=\"http:\/\/www.musikverein-puchenau.net\/wp-content\/uploads\/2023\/04\/fruehjahrskonzert-2023-4.jpg\"><img decoding=\"async\" loading=\"lazy\" width=\"1024\" height=\"683\" data-id=\"1066\"  src=\"http:\/\/www.musikverein-puchenau.net\/wp-content\/uploads\/2023\/04\/fruehjahrskonzert-2023-4-1024x683.jpg\" alt=\"\" class=\"wp-image-1066\" srcset=\"http:\/\/www.musikverein-puchenau.net\/wp-content\/uploads\/2023\/04\/fruehjahrskonzert-2023-4-1024x683.jpg 1024w, http:\/\/www.musikverein-puchenau.net\/wp-content\/uploads\/2023\/04\/fruehjahrskonzert-2023-4-300x200.jpg 300w, http:\/\/www.musikverein-puchenau.net\/wp-content\/uploads\/2023\/04\/fruehjahrskonzert-2023-4-768x512.jpg 768w, http:\/\/www.musikverein-puchenau.net\/wp-content\/uploads\/2023\/04\/fruehjahrskonzert-2023-4-1536x1024.jpg 1536w, http:\/\/www.musikverein-puchenau.net\/wp-content\/uploads\/2023\/04\/fruehjahrskonzert-2023-4.jpg 1920w\" sizes=\"(max-width: 1024px) 100vw, 1024px\" \/><\/a><\/figure>\n\n\n\n<figure class=\"wp-block-image size-large\"><a href=\"http:\/\/www.musikverein-puchenau.net\/wp-content\/uploads\/2023\/04\/fruehjahrskonzert-2023-10.jpg\"><img decoding=\"async\" loading=\"lazy\" width=\"1024\" height=\"576\" data-id=\"1061\"  src=\"http:\/\/www.musikverein-puchenau.net\/wp-content\/uploads\/2023\/04\/fruehjahrskonzert-2023-10-1024x576.jpg\" alt=\"\" class=\"wp-image-1061\" srcset=\"http:\/\/www.musikverein-puchenau.net\/wp-content\/uploads\/2023\/04\/fruehjahrskonzert-2023-10-1024x576.jpg 1024w, http:\/\/www.musikverein-puchenau.net\/wp-content\/uploads\/2023\/04\/fruehjahrskonzert-2023-10-300x169.jpg 300w, http:\/\/www.musikverein-puchenau.net\/wp-content\/uploads\/2023\/04\/fruehjahrskonzert-2023-10-768x432.jpg 768w, http:\/\/www.musikverein-puchenau.net\/wp-content\/uploads\/2023\/04\/fruehjahrskonzert-2023-10-1536x864.jpg 1536w, http:\/\/www.musikverein-puchenau.net\/wp-content\/uploads\/2023\/04\/fruehjahrskonzert-2023-10.jpg 1920w\" sizes=\"(max-width: 1024px) 100vw, 1024px\" \/><\/a><\/figure>\n<\/figure>\n","protected":false},"excerpt":{"rendered":"<p>Schwungvolle Kl\u00e4nge erf\u00fcllten am 1. April 2023 beim Fr\u00fchlingskonzert des Musikvereins im Buchensaal. Unsere Jungmusiker konnten ihre erprobten St\u00fccke gemeinsam pr\u00e4sentieren. Mit den St\u00fccken ,,Power &hellip; <span class=\"screen-reader-text\"> &#8222;Fr\u00fchlingskonzert 2023&#8220;<\/span><\/p>\n","protected":false},"author":3,"featured_media":0,"parent":0,"menu_order":0,"comment_status":"closed","ping_status":"closed","template":"","meta":[],"_links":{"self":[{"href":"http:\/\/www.musikverein-puchenau.net\/index.php?rest_route=\/wp\/v2\/pages\/1069"}],"collection":[{"href":"http:\/\/www.musikverein-puchenau.net\/index.php?rest_route=\/wp\/v2\/pages"}],"about":[{"href":"http:\/\/www.musikverein-puchenau.net\/index.php?rest_route=\/wp\/v2\/types\/page"}],"author":[{"embeddable":true,"href":"http:\/\/www.musikverein-puchenau.net\/index.php?rest_route=\/wp\/v2\/users\/3"}],"replies":[{"embeddable":true,"href":"http:\/\/www.musikverein-puchenau.net\/index.php?rest_route=%2Fwp%2Fv2%2Fcomments&post=1069"}],"version-history":[{"count":2,"href":"http:\/\/www.musikverein-puchenau.net\/index.php?rest_route=\/wp\/v2\/pages\/1069\/revisions"}],"predecessor-version":[{"id":1073,"href":"http:\/\/www.musikverein-puchenau.net\/index.php?rest_route=\/wp\/v2\/pages\/1069\/revisions\/1073"}],"wp:attachment":[{"href":"http:\/\/www.musikverein-puchenau.net\/index.php?rest_route=%2Fwp%2Fv2%2Fmedia&parent=1069"}],"curies":[{"name":"wp","href":"https:\/\/api.w.org\/{rel}","templated":true}]}}